ose j = 5*g + 875, 3*g - 71 - 836 = -j. Is j prime?
False
Let r(u) = 2*u**3 + 3*u**2 + 2*u + 2. Let g be r(-2). Suppose 0*v + 3*v - 225 = 0. Is (4/(-5))/(g/v) a composite number?
True
Let h be (-470 - (1 - 0))/(-1). Let i be h/6 + (-2)/(-4). Let o = 158 - i. Is o a composite number?
False
Let t(x) = -6*x**3 - 55*x**2 + 61*x - 46. Let i(d) = -5 + 12*d - 11*d**2 - 2 - 2 - d**3. Let m(l) = -11*i(l) + 2*t(l). Is m(9) prime?
True
Let n = 423 + -248. Suppose 6*g - g = n. Is g composite?
True
Let j be 17 - ((-3)/3 - 0). Suppose 2*v - 4 = 3*h, 0*h + j = 2*v + 4*h. Suppose v*r - 253 = 82. Is r composite?
False
Is (-2)/5 + (-3885)/(-25) a composite number?
True
Is 2*(-573)/12*-2 a prime number?
True
Suppose -5*y = -r - 690, -3*y - 4*r = 44 - 481. Is y composite?
False
Suppose 2*u = -3*u + 12185. Is u prime?
True
Let u(n) = 2*n**2 + 3*n. Is u(-7) composite?
True
Suppose 5*m = -4*o + 33, -4*o + 3*o + 3*m - 13 = 0. Let b be (-2)/4*(-1 - -25). Is 7/(o/b*-3) a composite number?
True
Let u(g) = -g**2 - g + 255. Let r be u(0). Let k = r - 122. Is k a prime number?
False
Let o be (-66)/(-4)*8/6. Is 0 + o - (-2)/2 a prime number?
True
Let c(r) = 2*r**2 - 3*r + 6. Let j be c(-5). Suppose v = -4*u + j, -3*v = -0*v - u - 174. Let l = -22 + v. Is l prime?
True
Let l(s) = 3*s - s - s + 33. Suppose 0 = 8*x - 6*x. Is l(x) a composite number?
True
Let m = 226 - 15. Is m prime?
True
Let n(r) = -50*r + 1. Is n(-6) prime?
False
Let r(n) be the second derivative of -n**5/10 - 7*n**4/12 + n**3/2 - 7*n**2/2 - n. Suppose 0 = 4*c + 12 + 12. Is r(c) a prime number?
False
Suppose 1214 = 3*z - n, 0 = -2*z - n + 6*n + 831. Is z a composite number?
True
Let b = -736 + 1398. Is b a prime number?
False
Let c(i) = -i**2 - 7*i - 3. Let p be c(-6). Let g be -74 - (p - 1)/(-2). Let l = g + 200. Is l a composite number?
False
Let v(l) = 51*l + 27. Let p(w) = -17*w - 9. Let s(u) = 11*p(u) + 4*v(u). Is s(8) a prime number?
False
Suppose -785 = 3*b - 8*b. Is b prime?
True
Let z(w) = 2*w**3 - 2*w**2 - 2*w + 1. Let h be z(2). Suppose h*l - 113 - 1742 = 0. Is l composite?
True
Suppose d - 24 = 4*d. Let z = d + 5. Let f = z - -10. Is f composite?
False
Suppose -2*k + 4*k = 934. Is k composite?
False
Suppose -7 = -d + 5*q, 0*d + 5*q - 5 = -5*d. Let x(t) = -61*t - 1. Let n be x(-3). Suppose 0*o + d*o = n. Is o prime?
False
Suppose 7*i - 6*i + 5 = 0. Let u(p) = -13*p. Is u(i) prime?
False
Let q(g) = g - 5. Let i be q(5). Suppose -3*n + 4*n - 348 = i. Suppose -3*h = h - n. Is h a prime number?
False
Is ((-5865)/(-30))/((-2)/(-4)) composite?
True
Let c(a) be the first derivative of a**3/3 - 9*a**2/2 - 10*a + 1. Let r be c(8). Is (r/(-24))/((-2)/(-104)) composite?
True
Let m = 342 - -136. Suppose m = 4*b - 150. Is b a prime number?
True
Let i(v) = v - 2. Let g be i(2). Suppose g*y - 105 = 3*y. Let a = 72 + y. Is a composite?
False
Let q be 5 - (1 - 1/1). Suppose 35 = 3*s - q*d - 1, 0 = -3*s - 5*d + 6. Suppose -14 = -w - s. Is w a composite number?
False
Suppose a + 0*r + r = -1339, -3*a = -2*r + 4042. Is a/(-4) + (-2)/(-2) prime?
True
Let m(f) = f**2 - 31*f + 5. Is m(-10) composite?
True
Let z(k) be the third derivative of 1/24*k**4 + 2*k**2 - 1/6*k**3 + 1/20*k**5 + 0*k + 0. Is z(2) a prime number?
True
Let n be (-1)/3 - 28/(-12). Suppose -f + n*f = -3*t + 45, -30 = -2*t + f. Suppose -3*p = -3*v - 6, -4*p + 3*v = -t + 2. Is p composite?
False
Let j(q) = q**3 + 7*q**2 + 5*q + 5. Let f be j(-6). Let a(u) = -u + 9. Let i be a(f). Is (-3)/i*(-4)/(-1) a prime number?
False
Let u(a) = 4*a**2 - 6*a - 3. Is u(-5) a composite number?
False
Let n(b) = 944*b + 13. Let g be n(-7). Is 1/5*-1*g prime?
True
Let a(v) = -v**3 + 5*v**2 + 3*v - 6. Let s = 12 + -8. Is a(s) a prime number?
False
Is (-4)/14 - 85974/(-98) a prime number?
True
Let o = -4 - -12. Let y be (-18)/o + 4/16. Is y/5 - (-688)/20 a composite number?
True
Let h = -3364 + 4823. Is h prime?
True
Let z = 8 - 7. Is z/(-5) + (-332)/(-10) prime?
False
Let o = 1754 - 1171. Is o prime?
False
Let o = 1760 - 3286. Let u = 2499 + o. Is u a prime number?
False
Suppose 5*k = 15, -4*z + 9*z = -k + 18. Suppose 50 = 5*b - 4*u, 0 = z*b + u + 3*u + 2. Is b composite?
True
Suppose 0 = 3*f + 8*f - 11957. Is f prime?
True
Suppose -5*y + 173 = 63. Is y a prime number?
False
Let d = 2062 + -1199. Is d a prime number?
True
Let d(n) = 868*n - 49. Is d(12) composite?
True
Suppose 0 = -5*m - 3*n + 5239, 5*m - 3145 = 2*m - n. Is m a composite number?
False
Let l be (2 + 2)*2/4. Suppose l*g - 38 = -0*g. Suppose -4*h - 181 = -3*m, -81 = -m + 3*h - g. Is m a prime number?
True
Suppose -4*u + 151 = 3*h + 6, 4*u = 4*h + 124. Is u a prime number?
False
Suppose -6*a - 3*w + 42520 = -a, -16977 = -2*a + 5*w. Is a a prime number?
True
Let q(c) = -c**3 - 3*c**2 + 4*c + 3. Let n be q(-4). Suppose u + 234 = n*u. Suppose -4*r = -3*w - u, -215 = -5*r + 3*w - 65. Is r composite?
True
Suppose 18 = -3*h - h - j, 3*h + 5*j + 22 = 0. Let c be h/(-2) + -1 - 1. Suppose y = -c*y + 4. Is y a composite number?
True
Let k(w) = 22*w**2 - w + 13. Is k(10) a composite number?
False
Suppose -4*y - 4*l = 0, 5*y - 2*l = 3*l + 40. Suppose -y*v + 2*v - 4*o = -4, 4*o - 4 = 2*v. Suppose v = 2*x - 4*x + 66. Is x a prime number?
False
Is (-4852)/(-4) + -1 + 2 a prime number?
False
Let d be (1 - -1)*454/4. Let w be 10/4 - 2/(-4). Suppose w*j = d - 53. Is j prime?
False
Suppose 0 = -3*d + 3*t + 297, -5*d - 3*t + t + 488 = 0. Suppose 0 = -0*w + 2*w - d. Is w a composite number?
True
Suppose 0 = y + 4*x + x - 2, -4*x = 0. Let w = 3 - -60. Suppose w = y*g + g. Is g composite?
True
Let v be 3/6 - 10/(-4). Suppose v*p = 2*p - c + 40, -p - 3*c = -46. Suppose 0*n = n - p. Is n prime?
True
Suppose 0 = 3*p + 1316 - 3563. Is p a composite number?
True
Suppose -465 = -r - 2*r. Is r a prime number?
False
Let k(b) = b**3 - 4*b**2 + 5*b + 3. Let o(t) = t**3 + 6*t**2 - t - 2. Suppose 5*c = -5*v - 1 - 29, -4*v - 24 = -5*c. Let a be o(v). Is k(a) a composite number?
False
Suppose 2*o = -2*f + 706, 3*f - 1067 = -0*f - o. Suppose 0*l + p - 119 = -l, 3*l + p - f = 0. Is l prime?
False
Let b = 29 + -13. Let h be 3046/(-8) + (-4)/b. Let c = -220 - h. Is c a composite number?
True
Suppose 0 = j + j + 22. Is 1/(10/j + 1) prime?
True
Let y(n) = -34*n - 1. Let w = 3 - 0. Suppose -w*t - 8 = t. Is y(t) a prime number?
True
Let r(n) = n**2 - 8*n + 5. Let m be r(7). Let a(w) = -36*w. Let o be a(m). Let i = o - 38. Is i a composite number?
True
Suppose 0 = -0*u - 3*u + 1287. Let x = -164 + u. Is x prime?
False
Suppose -110 = -5*s - 460. Let l = -63 + s. Is 2/4*0 - l a prime number?
False
Suppose -4*y + 3*z = 58 + 29, -85 = 5*y + z. Is 9905/63 - (-4)/y a composite number?
False
Let c = -68 - -97. Let m = -42 + c. Let b = m + 24. Is b a composite number?
False
Let k = -4 - 1. Let v(a) = 10*a + 6. Let n(l) = 1. Let y(j) = 2*n(j) - v(j). Is y(k) a composite number?
True
Suppose 2*w + 9 = -w. Is -3 - (w + (-373)/1) composite?
False
Let z = -36 - -11. Let p = 48 + z. Is p composite?
False
Let h(g) be the third derivative of -3*g**4/8 + 2*g**3/3 - g**2. Let x = -16 - -11. Is h(x) a prime number?
False
Let f = 4 - -1. Suppose -175 = -5*g + 5*j, -2*g + g = -f*j - 23. Suppose -8 = -2*x + g. Is x prime?
True
Let x = 149 + -90. Suppose -l = -0*l + 3*k - 5, 5*l - 2*k - x = 0. Is l a prime number?
True
Suppose -s - 3*s = -28. Is s prime?
True
Let r(k) = k**3 - 4*k**2 + 6*k. Is r(5) a prime number?
False
Suppose -5*q + k = -549, -2*q - 5*k - 6 = -204. Is q prime?
True
Suppose 4753 = -21*d + 28*d. Is d a prime number?
False
Let y(w) = -9*w**3 - 8*w**2 + 3*w - 1. Is y(-6) a prime number?
True
Suppose 2*n - v = 4*v + 273, 421 = 3*n + 4*v. Is n a composite number?
False
Let j = 251 + 2268. Is j a composite number?
True
Suppose 0 = v - 5*v - 24. Let c(z) = -5*z - 9. Is c(v) prime?
False
Let o(h) = h**3 + 8*h**2 - 5*h - 7. Let m(d) = -2*d - 7. Let w be m(0). Is o(w) a composite number?
True
Let k be (-292)/(-3) + 2/3. Let g = 66 - 115. Let s = k + g. Is s prime?
False
Is (-13)/(-91) + 14096/14 a prime number?
False
Let q = 904 - 606. Is q composite?
True
Suppose -110 = 3*t - 269. Is t a prime number?
True
Suppose -u - 9 + 10 = 0. Is 2 + 331 - (u + 1) a composite number?
False
Let j be ((-4)/(-1))/((-6)/(-3)). Let x be ((-1)/1)/(8/(-24)). Suppose 0 = x*p + j*h - 151